 number?
False
Is 8109061 a composite number?
False
Is 151824826 a composite number?
True
Is 54203237 composite?
True
Is 58094461 prime?
True
Is 35346219 a prime number?
False
Is 107926766 a composite number?
True
Is 1502671 composite?
True
Is 32232197 a composite number?
True
Is 31511447 prime?
False
Is 182526007 a prime number?
True
Is 44511367 a composite number?
False
Is 6522482 composite?
True
Is 312538043 a prime number?
True
Is 1681747 prime?
False
Is 22015883 a composite number?
False
Is 430309 composite?
True
Is 1700719 a composite number?
False
Is 18396863 a prime number?
True
Is 868541 composite?
True
Is 88934719 a prime number?
True
Is 33093299 a prime number?
False
Is 31902763 prime?
True
Is 1249559 composite?
False
Is 80146477 prime?
False
Is 43674427 prime?
True
Is 108214693 prime?
False
Is 1385749787 composite?
False
Is 1144931 a composite number?
False
Is 51500929 prime?
False
Is 8422993 a prime number?
True
Is 1672379 composite?
False
Is 797538841 a composite number?
True
Is 32122645 a prime number?
False
Is 12979621 a composite number?
True
Is 417155627 a composite number?
True
Is 1243667777 a prime number?
False
Is 2131782701 composite?
False
Is 168795797 prime?
True
Is 21722087 composite?
True
Is 162989 composite?
False
Is 218836799 composite?
False
Is 127192523 prime?
True
Is 21374071 prime?
True
Is 3331577 composite?
False
Is 16487 prime?
True
Is 1596391 prime?
False
Is 58866323 prime?
True
Is 23974667 composite?
False
Is 138019991 a composite number?
True
Is 500894661 prime?
False
Is 5577643 prime?
True
Is 520371149 composite?
False
Is 2476907 a composite number?
False
Is 20518289 a prime number?
False
Is 6672257 a composite number?
False
Is 38129833 composite?
True
Is 12563927 prime?
True
Is 365180691 composite?
True
Is 381460237 composite?
False
Is 713717483 a prime number?
False
Is 197567429 composite?
False
Is 49885987 prime?
False
Is 20785007 composite?
False
Is 46013647 a prime number?
True
Is 9412989 prime?
False
Is 568956461 a prime number?
False
Is 5084803 prime?
True
Is 741334907 a composite number?
False
Is 52274161 composite?
False
Is 655069 composite?
False
Is 160612847 a composite number?
True
Is 43964729 a composite number?
False
Is 31166977 a composite number?
False
Is 770029 a composite number?
True
Is 7690541 prime?
True
Is 590308829 composite?
True
Is 1276233393 a prime number?
False
Is 5699659 a prime number?
False
Is 431399 a prime number?
True
Is 12386446 a composite number?
True
Is 4064741 composite?
False
Is 3623017 prime?
True
Is 299741 prime?
False
Is 202177439 a composite number?
False
Is 6071761 composite?
False
Is 3222601 a prime number?
False
Is 1381593 a prime number?
False
Is 301883089 a composite number?
True
Is 2541757 composite?
False
Is 5631977 prime?
False
Is 84066223 prime?
True
Is 2120399 a composite number?
True
Is 3916229 a composite number?
False
Is 1807219 a composite number?
True
Is 177482923 prime?
True
Is 4510823 a composite number?
True
Is 31155539 prime?
True
Is 270302315 composite?
True
Is 7631329 composite?
False
Is 27608749 a prime number?
False
Is 74054051 a prime number?
True
Is 12281281 a prime number?
False
Is 10261859 prime?
True
Is 2712301 a composite number?
True
Is 60077113 prime?
True
Is 1529497 prime?
False
Is 4269431 prime?
False
Is 101210191 a composite number?
False
Is 6286598 a composite number?
True
Is 3255607 a prime number?
False
Is 118048667 composite?
True
Is 23628029 a composite number?
True
Is 352955741 composite?
False
Is 10970669 composite?
False
Is 234421399 composite?
False
Is 22362479 prime?
False
Is 163803 prime?
False
Is 57284501 a prime number?
True
Is 32060027 a prime number?
False
Is 3349937 prime?
False
Is 224881 prime?
True
Is 312875853 a composite number?
True
Is 5990119 prime?
True
Is 368648023 prime?
False
Is 7805881 prime?
False
Is 19874303 composite?
False
Is 64975501 a prime number?
False
Is 12059753 composite?
False
Is 3708469 composite?
False
Is 599345 prime?
False
Is 93773 a prime number?
False
Is 4571657 composite?
True
Is 1570417 composite?
True
Is 2036967 composite?
True
Is 5707133 composite?
False
Is 99858367 a composite number?
True
Is 149218085 a prime number?
False
Is 5477078 a composite number?
True
Is 81358087 prime?
True
Is 445427 a composite number?
False
Is 1338329 prime?
False
Is 1881307 a composite number?
False
Is 60106243 prime?
False
Is 10593841 prime?
True
Is 31798031 prime?
False
Is 203915171 a prime number?
False
Is 27198677 a composite number?
True
Is 2879897 composite?
True
Is 41008315 composite?
True
Is 57149219 composite?
False
Is 260074991 a prime number?
False
Is 12393877 a composite number?
False
Is 176333041 composite?
False
Is 2152303 prime?
True
Is 7874653 prime?
True
Is 101033087 composite?
True
Is 2695007 prime?
False
Is 10207069 composite?
True
Is 276441043 composite?
True
Is 690037 a composite number?
False
Is 220809521 a prime number?
True
Is 35251355 composite?
True
Is 223117 a composite number?
True
Is 11638951 prime?
True
Is 48308177 a composite number?
True
Is 21486371 prime?
True
Is 28173659 prime?
False
Is 2859601 a prime number?
False
Is 66879809 prime?
False
Is 575652313 a composite number?
False
Is 88845074 prime?
False
Is 38739781 prime?
True
Is 2241077 prime?
False
Is 12612407 a prime number?
True
Is 2139681 a prime number?
False
Is 146402323 a prime number?
False
Is 4902173 a composite number?
False
Is 18762047 a prime number?
True
Is 13627529 prime?
True
Is 1954597 a prime number?
True
Is 6805823 a prime number?
False
Is 12551053 a composite number?
False
Is 923249 prime?
True
Is 309623 a composite number?
False
Is 28448689 a prime number?
True
Is 133083023 a prime number?
True
Is 1636903 a prime number?
False
Is 75615581 composite?
False
Is 69218777 composite?
True
Is 799723 a prime number?
True
Is 141989011 composite?
True
Is 1141655 a prime number?
False
Is 82742437 a prime number?
True
Is 7092851 prime?
True
Is 12212071 composite?
True
Is 15865757 a composite number?
False
Is 321768899 composite?
True
Is 8224903 a composite number?
False
Is 167411 prime?
False
Is 983029 a composite number?
True
Is 3694057 composite?
False
Is 107388739 composite?
True
Is 213640319 a prime number?
True
Is 1104401 composite?
True
Is 51205093 composite?
False
Is 141663151 composite?
True
Is 29169923 prime?
False
Is 4021223 prime?
False
Is 36501369 composite?
True
Is 37071539 prime?
False
Is 3361621 composite?
False
Is 523264867 a composite number?
False
Is 16091333 a composite number?
True
Is 8613221 prime?
True
Is 1900957 a composite number?
True
Is 3755837 prime?
True
Is 619363 a prime number?
True
Is 25773151 prime?
True
Is 4005223 a prime number?
True
Is 2692163 composite?
True
Is 29663737 a prime number?
False
Is 321637747 a composite number?
False
Is 78095 a prime number?
False
Is 14841569 prime?
True
Is 5032781 prime?
False
Is 68671 composite?
True
Is 233929 a prime number?
False
Is 1159309869 a prime number?
False
Is 21674083 composite?
True
Is 16311467 a prime number?
True
Is 37477643 a composite number?
True
Is 357573523 composite?
False
Is 4352687 composite?
False
Is 710783 composite?
True
Is 19755541 composite?
True
Is 76002527 prime?
False
Is 13115203 prime?
False
Is 1365451 prime?
False
Is 2419421 a prime number?
True
Is 82228885 prime?
False
Is 530833 a prime number?
True
Is 44856269 composite?
False
Is 509667 a composite number?
True
Is 136720009 a composite number?
False
Is 7906229 prime?
True
Is 15707194 composite?
True
Is 617461 a prime number?
False
Is 42561917 prime?
False
Is 12777163 a composite number?
True
Is 18709693 prime?
True
Is 3364507 a composite number?
False
Is 5483339 prime?
True
Is 57089147 a composite number?
True
Is 5782133 a composite number?
True
Is 1081153 composite?
False
Is 37939607 a composite number?
False
Is 127654049 prime?
True
Is 51539 a composite number?
False
Is 14227579 a composite number?
True
Is 282797 composite?
False
Is 6531181 a prime number?
True
Is 6467023 prime?
False
Is 965669 prime?
False
Is 3148877 prime?
False
Is 757369 a composite number?
True
Is 630787259 composite?
True
Is 3572321 prime?
True
Is 1287229 a prime number?
False
Is 715613 a composite number?
False
Is 1684115 prime?
False
Is 2253217 a prime number?
False
Is 3851693 a 